5 = 0, -5*o + 295 = h + h. Let f be 0 - (o/(-2) + 24/16). Suppose 2*w - f - 33 = 0. Calculate the remainder when 59 is divided by w.
28
Suppose 4*o - 37 = -3*d, -2*d + 3*o = -7*d + 58. Suppose 136 = 1983*a - 1971*a - 332. What is the remainder when a is divided by d?
6
Let l(n) be the third derivative of -11*n**6/120 + n**5/20 - n**3 - 8*n**2. Calculate the remainder when l(-2) is divided by 26.
16
Suppose 14*o = 12*o - 4. Let q be (1/o)/(3/(-18)). Suppose 5*g + 85 = n, 2*n - q*n + 120 = 2*g. Calculate the remainder when n is divided by 28.
26
Let k = -230 + 406. Suppose 5*x - k = x. What is the remainder when x is divided by 18?
8
Calculate the remainder when 458 is divided by 39/12 + (-85098)/(-312).
182
What is the remainder when 6/16*104/12*52 is divided by 1/(1 + (-43)/44)?
37
Let p = 40 + -36. Suppose v + 2*f - p*f = 22, -4*f = -8. Let t = v + 2. Calculate the remainder when 109 is divided by t.
25
Let a = -3307 - -3676. What is the remainder when a is divided by 55?
39
Suppose 279 = 244*q - 475*q + 240*q. What is the remainder when 136 is divided by q?
12
Suppose -57 = -l - 4*m, -4*m + 105 = -3*l + 260. Calculate the remainder when 365 is divided by l.
47
Suppose -3*c + 22692 = 21993. What is the remainder when c is divided by 90?
53
Suppose 4*a = 5*c - 3*c + 60, c = -5*a - 30. Suppose 0 = -2*o - 2, -5*o - 33 = -4*s - 4. Calculate the remainder when s is divided by ((-12)/c*10)/2.
0
Let g(o) = 387*o**2 + 1. What is the remainder when g(-1) is divided by 694/7 - (792/56 - 14)?
91
Suppose 4*l - 56 = -3*q - 59, -2 = 2*q. Suppose 32*w - 43*w + 539 = l. Calculate the remainder when w is divided by 11.
5
Let o(p) = p**2 + 155*p + 1858. What is the remainder when 611 is divided by o(-13)?
11
Let z be (-10)/(-25) + 348/(-20). Let h(f) = -f**3 - 16*f**2 + 11*f - 22. What is the remainder when h(z) is divided by 26?
2
Let q = 867 + -1424. Let j = q + 678. Calculate the remainder when j is divided by 50.
21
What is the remainder when 569 is divided by 2*2*(-3)/(-2)*19?
113
Let f(x) = -5*x + 7. Let s be (-2262)/10 + (-2)/120*-12. Let q = -219 - s. Calculate the remainder when f(-5) is divided by q.
4
Let m(h) = h**2 + 147*h + 22. Calculate the remainder when 864 is divided by m(0).
6
What is the remainder when 360 is divided by (-208)/(-4)*(-34)/(-68)?
22
Suppose -4*p = -n + p + 89, n - 125 = -4*p. Calculate the remainder when 632 is divided by n.
87
Let p = -4 - -3. Let l be -3 - (-37 - (p + -1)). Suppose 8 = -n + l. Calculate the remainder when n is divided by 9.
6
Let w = -388 + 624. Let q = -7950 + 8010. What is the remainder when w is divided by q?
56
Let s(t) = -t**2 + 13*t - 3. Let j be s(-3). Let q = j - -73. What is the remainder when q is divided by 14?
8
Let p(b) = 1749*b - 54218. What is the remainder when (-220)/(-6) + (-4)/6 is divided by p(31)?
0
Suppose 2099 = -3466*h + 3469*h - 5*q, -4*h = 5*q - 2717. Calculate the remainder when h is divided by 23.
21
Let g(q) = q**2 + 10*q - 117. Let o be g(-17). Suppose 5*s + c = 57, o = -c + 4. What is the remainder when s is divided by 4?
3
Suppose 1 = -5*h + 11. Let b be ((-816)/(-33))/4 - h/11. Let r(j) = j**2 + 4*j - 24. What is the remainder when r(b) is divided by 8?
4
Let j be ((-3)/(-6))/(2/(-4)). Let t be (-100)/40 + j/2. What is the remainder when 10 is divided by (-54)/(-21) - t/7?
1
Let y(z) = 5*z**2 + 10 + 81*z + 84*z - z**3 - 152*z. Calculate the remainder when 428/18 + 2/9 is divided by y(7).
0
Suppose k - 6*k + 25 = 0. Suppose 0 = 2*w + 4*z - 26, -28 = -k*w - 3*z + 30. What is the remainder when 19 is divided by w/(-2 + 3)*1?
8
Suppose -3*r + 828 - 81 = 0. Let f = r + -198. What is the remainder when f is divided by 18?
15
Let v(c) be the first derivative of c**2 - 14*c - 26. What is the remainder when 40 is divided by v(15)?
8
Let z(r) = 27 - 6 + 4*r + 2 + 11. Let x be z(17). Suppose -38 = -5*m + x. Calculate the remainder when m is divided by 10.
8
Suppose -10*x + 25 - 91 = -11*x. What is the remainder when 394 is divided by x?
64
What is the remainder when 438 is divided by (-1)/((-7)/126) + (-6 - -14)?
22
Let x(d) = -d**3 + d**2 + 2*d. Let i(w) = -15*w**3 + 12*w**2 + 13*w + 1. Let a(t) = i(t) - 6*x(t). Calculate the remainder when a(-2) is divided by 17.
10
Suppose -6 = 2*w - 20. Suppose n = 2*v + 18, 131*n + 41 = 133*n + v. What is the remainder when n is divided by w?
6
Let n(d) be the first derivative of -23*d**2/2 - 262*d - 128. Calculate the remainder when n(-12) is divided by 10.
4
Let h be 4/(-2)*(2/(-2) + 2). Calculate the remainder when h + -4 + (104 - -1) is divided by 10.
9
Suppose -25547 = -188*m + 179*m - 2021. What is the remainder when m is divided by 652?
6
Calculate the remainder when 746 is divided by 66 - (-4 - (1 + -1)).
46
Suppose -2*q + 2*z = -3*z, -3*z = -3*q + 18. Let b be (q/(-4)*50)/(-1). Let d = -123 + b. What is the remainder when 9 is divided by d?
1
Let q(z) = -z**3 - 36*z**2 + 34*z + 1397. Calculate the remainder when q(-36) is divided by 82.
9
Suppose 399*n - 458*n + 48793 = 0. What is the remainder when n is divided by 33?
2
Let v = 156 + 49. Suppose -214*g + 657 = -v*g. Calculate the remainder when g is divided by 25.
23
Let q(o) = -o**2 + 15*o - 7. Let l be 2*(-50)/(-24) - 25/150. What is the remainder when 41 is divided by q(l)?
4
Let g(p) = 3*p**2 + 13*p - 4. Let l be g(-6). Suppose l*c + 692 = 28*c. Calculate the remainder when c is divided by 50.
46
Let a(s) = 55*s - 41. Let m be a(8). Let g = 415 - m. Calculate the remainder when 45 is divided by g.
13
Suppose 0 = -4*k - k - 2*s - 42, -4*k - 29 = -3*s. What is the remainder when 96 is divided by ((-12)/(-4) - -32) + k?
15
Suppose -15867 = -42*q - q. Let b = 167 + -117. What is the remainder when b is divided by 82/q + 572/18 + -7?
0
Suppose 6*m + 1 = 7*m. Calculate the remainder when 6/(36/30) + 1 + -1 is divided by m.
0
Suppose 4*j + 2*x = 3*x + 242, -122 = -2*j + x. Let o = 251214 + -250918. Calculate the remainder when o is divided by j.
56
Let m(q) = -2*q**2. Let x(r) = -24*r**2 - 2*r + 1. Let g(o) = 4*m(o) - x(o). Calculate the remainder when 45 is divided by g(1).
11
Suppose 31 = u - 5*c + 12, 2*u - 4*c - 20 = 0. Suppose 0*k - u*k = -620. What is the remainder when k is divided by 12?
11
Let x be (-9 + (6 - 1))*(-94)/4. Let w = 22 + x. Let m = 229 - w. Calculate the remainder when m is divided by 29.
26
Suppose -2*p + 149 = 27. Suppose 59*j + 56 = p*j. Calculate the remainder when j is divided by 10.
8
Let u = 9996 + -9915. What is the remainder when u is divided by 32?
17
Suppose -18*i = -17271 - 3905 - 19486. What is the remainder when i is divided by 124?
27
Let d be (2 - (-12)/(-15))/((-2)/110). Let r(x) = 8*x**3 - 3*x**2 + 3*x - 1. What is the remainder when (d/(-3) - 4) + 0 is divided by r(1)?
4
Suppose 0 = 2*f - 17 - 865. Suppose f + 123 = 2*r. Suppose -7*c + r = -5. Calculate the remainder when c is divided by 23.
18
Let t = 2797 - 2548. Calculate the remainder when 279 is divided by t.
30
Suppose -286*q + 83*q + 132*q + 28258 = 0. Calculate the remainder when 1570 is divided by q.
376
Suppose -160*f - 180 = -170*f. Let w(k) = -3*k - 2. Let l be w(-2). Suppose -7*t + 99 = -l*t. What is the remainder when t is divided by f?
15
Let z(a) = -a**3 + 27*a**2 + 2*a - 54. Let q be z(27). Suppose q = 69*d - 74*d + 90. Let h = 7 + 4. Calculate the remainder when d is divided by h.
7
Suppose 126*b + 31 = 3*i + 128*b, -3*i = -b - 52. What is the remainder when 1558 is divided by i?
13
Let i(f) = -7*f**2 - 53*f - 22. Let g = -40 + 51. Calculate the remainder when g is divided by i(-7).
5
Suppose -24*g + 16*g + 1520 = 0. Suppose 43*z - 44*z = -g. What is the remainder when 4/38 + 3590/z is divided by 11?
8
Let u be 15 + -4 + -5 + -1. Suppose u*o - 5*i = 870, -i - 8 + 3 = 0. Calculate the remainder when o is divided by 10.
9
Suppose -737*b = -675*b - 16120. Calculate the remainder when b is divided by 63.
8
Suppose -5*k - 2*o + 1992 = 0, -2*o = -0*o + 8. Suppose 16*g - 480 - k = 0. What is the remainder when g is divided by 16?
7
Suppose 5*p - 22973 = -2*t, -35*p - 3*t = -38*p + 13788. Calculate the remainder when p is divided by 2289.
17
Let y be 2/3 + (-4)/(-12). Suppose 480 = 4*c + 2*x, 55 + 443 = 4*c - x. Calculate the remainder when c is divided by (-1)/(y*-2)*50.
23
What is t